{"id":43,"date":"2011-02-01T00:00:35","date_gmt":"2011-02-01T00:00:35","guid":{"rendered":"http:\/\/www.falkenberger-tanzmaeuse.de\/blog2011\/?page_id=43"},"modified":"2025-12-30T14:48:03","modified_gmt":"2025-12-30T14:48:03","slug":"knirpse","status":"publish","type":"page","link":"https:\/\/www.falkenberger-tanzmaeuse.de\/?page_id=43","title":{"rendered":"Knirpse"},"content":{"rendered":"<p>Die Sahneh\u00e4ubchen des Vereins sind unsere M\u00e4use &#8211; Knirpse. Hier tanzen Kinder im Vorschulalter.<\/p>\n<p>Welches kleine M\u00e4dchen, oder welcher kleine Junge liebt es nicht zu tanzen oder sich rhythmisch zu bewegen. Bei uns kommt jedes Vorschulkind voll auf seine Kosten. Wir, die kleinste Gruppe der \u201eFalkenberger Tanzm\u00e4use\u201c bestehen aus vielen zuckers\u00fc\u00dfen T\u00e4nzerinnen. Jeden <strong>Mittwoch von 16:00 bis 17:00 Uhr<\/strong> oder <strong>von 17:00 bis 18:00 Uhr<\/strong> treffen wir uns in unserem Vereinshaus \u2013 dem M\u00e4usest\u00fcbchen. Wir beginnen mit lustigen Erw\u00e4rmungsliedern, probieren uns an Rhythmus- und Schritt\u00fcbungen und zum Ende gibt es das beliebte Abschlussspiel.<\/p>\n<p>Aber w\u00e4hrend unserer Trainingsstunde erlernen die Kleinen auch erste Choreografien, welche sie dann stolz zu bestimmten Anl\u00e4ssen pr\u00e4sentieren d\u00fcrfen.<\/p>\n<p><strong>Trainer:<\/strong> Sandra\u00a0 <strong>Co-Trainer:<\/strong> Paula Wagner<\/p>\n\n\n<figure class=\"wp-block-image size-large\"><img loading=\"lazy\" decoding=\"async\" width=\"849\" height=\"1024\" src=\"https:\/\/www.falkenberger-tanzmaeuse.de\/blog2011\/wp-content\/uploads\/2025\/04\/Knirpse-849x1024.jpg\" alt=\"\" class=\"wp-image-17188\" srcset=\"https:\/\/www.falkenberger-tanzmaeuse.de\/blog2011\/wp-content\/uploads\/2025\/04\/Knirpse-849x1024.jpg 849w, https:\/\/www.falkenberger-tanzmaeuse.de\/blog2011\/wp-content\/uploads\/2025\/04\/Knirpse-249x300.jpg 249w, https:\/\/www.falkenberger-tanzmaeuse.de\/blog2011\/wp-content\/uploads\/2025\/04\/Knirpse-768x926.jpg 768w, https:\/\/www.falkenberger-tanzmaeuse.de\/blog2011\/wp-content\/uploads\/2025\/04\/Knirpse-1273x1536.jpg 1273w, https:\/\/www.falkenberger-tanzmaeuse.de\/blog2011\/wp-content\/uploads\/2025\/04\/Knirpse-1698x2048.jpg 1698w, https:\/\/www.falkenberger-tanzmaeuse.de\/blog2011\/wp-content\/uploads\/2025\/04\/Knirpse.jpg 1885w\" sizes=\"auto, (max-width: 849px) 100vw, 849px\" \/><\/figure>\n","protected":false},"excerpt":{"rendered":"<p>Die Sahneh\u00e4ubchen des Vereins sind unsere M\u00e4use &#8211; Knirpse. Hier tanzen Kinder im Vorschulalter. Welches kleine M\u00e4dchen, oder welcher kleine Junge liebt es nicht zu tanzen oder sich rhythmisch zu bewegen. Bei uns kommt jedes Vorschulkind voll auf seine Kosten. Wir, die kleinste Gruppe der \u201eFalkenberger Tanzm\u00e4use\u201c bestehen aus vielen zuckers\u00fc\u00dfen T\u00e4nzerinnen. Jeden Mittwoch von [&hellip;]<\/p>\n","protected":false},"author":1,"featured_media":0,"parent":26,"menu_order":1,"comment_status":"closed","ping_status":"closed","template":"","meta":{"ngg_post_thumbnail":0,"footnotes":""},"class_list":["post-43","page","type-page","status-publish","hentry"],"_links":{"self":[{"href":"https:\/\/www.falkenberger-tanzmaeuse.de\/index.php?rest_route=\/wp\/v2\/pages\/43","targetHints":{"allow":["GET"]}}],"collection":[{"href":"https:\/\/www.falkenberger-tanzmaeuse.de\/index.php?rest_route=\/wp\/v2\/pages"}],"about":[{"href":"https:\/\/www.falkenberger-tanzmaeuse.de\/index.php?rest_route=\/wp\/v2\/types\/page"}],"author":[{"embeddable":true,"href":"https:\/\/www.falkenberger-tanzmaeuse.de\/index.php?rest_route=\/wp\/v2\/users\/1"}],"replies":[{"embeddable":true,"href":"https:\/\/www.falkenberger-tanzmaeuse.de\/index.php?rest_route=%2Fwp%2Fv2%2Fcomments&post=43"}],"version-history":[{"count":64,"href":"https:\/\/www.falkenberger-tanzmaeuse.de\/index.php?rest_route=\/wp\/v2\/pages\/43\/revisions"}],"predecessor-version":[{"id":18322,"href":"https:\/\/www.falkenberger-tanzmaeuse.de\/index.php?rest_route=\/wp\/v2\/pages\/43\/revisions\/18322"}],"up":[{"embeddable":true,"href":"https:\/\/www.falkenberger-tanzmaeuse.de\/index.php?rest_route=\/wp\/v2\/pages\/26"}],"wp:attachment":[{"href":"https:\/\/www.falkenberger-tanzmaeuse.de\/index.php?rest_route=%2Fwp%2Fv2%2Fmedia&parent=43"}],"curies":[{"name":"wp","href":"https:\/\/api.w.org\/{rel}","templated":true}]}}