{"id":37,"date":"2011-02-01T00:00:16","date_gmt":"2011-02-01T00:00:16","guid":{"rendered":"http:\/\/www.falkenberger-tanzmaeuse.de\/blog2011\/?page_id=37"},"modified":"2025-12-30T14:49:16","modified_gmt":"2025-12-30T14:49:16","slug":"mausekids-i","status":"publish","type":"page","link":"https:\/\/www.falkenberger-tanzmaeuse.de\/?page_id=37","title":{"rendered":"M\u00e4usekids"},"content":{"rendered":"<p>Die M\u00e4dels der 3. bis 4. Klasse treffen sich immer <strong>Freitags im Spiegelsaal (Karlstra\u00dfe) von 16:00 bis 17:45 Uhr<\/strong>. Ihr Repertoire reicht von deutscher und internationaler Folklore bis hin zu Unterhaltungst\u00e4nzen.<\/p>\n<p><strong>Trainerin:<\/strong> Sandra Werner\u00a0 \u00a0 \u00a0 \u00a0 \u00a0 \u00a0 <strong>Co-Trainerin:<\/strong> Pauline Nikolaus<\/p>\n<p><img loading=\"lazy\" decoding=\"async\" class=\"alignnone wp-image-17014 size-full\" src=\"https:\/\/www.falkenberger-tanzmaeuse.de\/blog2011\/wp-content\/uploads\/2025\/04\/IMG-20250304-WA0023.jpg\" alt=\"\" width=\"2048\" height=\"1543\" srcset=\"https:\/\/www.falkenberger-tanzmaeuse.de\/blog2011\/wp-content\/uploads\/2025\/04\/IMG-20250304-WA0023.jpg 2048w, https:\/\/www.falkenberger-tanzmaeuse.de\/blog2011\/wp-content\/uploads\/2025\/04\/IMG-20250304-WA0023-300x226.jpg 300w, https:\/\/www.falkenberger-tanzmaeuse.de\/blog2011\/wp-content\/uploads\/2025\/04\/IMG-20250304-WA0023-1024x772.jpg 1024w, https:\/\/www.falkenberger-tanzmaeuse.de\/blog2011\/wp-content\/uploads\/2025\/04\/IMG-20250304-WA0023-768x579.jpg 768w, https:\/\/www.falkenberger-tanzmaeuse.de\/blog2011\/wp-content\/uploads\/2025\/04\/IMG-20250304-WA0023-1536x1157.jpg 1536w\" sizes=\"auto, (max-width: 2048px) 100vw, 2048px\" \/><\/p>\n","protected":false},"excerpt":{"rendered":"<p>Die M\u00e4dels der 3. bis 4. Klasse treffen sich immer Freitags im Spiegelsaal (Karlstra\u00dfe) von 16:00 bis 17:45 Uhr. Ihr Repertoire reicht von deutscher und internationaler Folklore bis hin zu Unterhaltungst\u00e4nzen. Trainerin: Sandra Werner\u00a0 \u00a0 \u00a0 \u00a0 \u00a0 \u00a0 Co-Trainerin: Pauline Nikolaus<\/p>\n","protected":false},"author":1,"featured_media":0,"parent":26,"menu_order":3,"comment_status":"closed","ping_status":"closed","template":"","meta":{"ngg_post_thumbnail":0,"footnotes":""},"class_list":["post-37","page","type-page","status-publish","hentry"],"_links":{"self":[{"href":"https:\/\/www.falkenberger-tanzmaeuse.de\/index.php?rest_route=\/wp\/v2\/pages\/37","targetHints":{"allow":["GET"]}}],"collection":[{"href":"https:\/\/www.falkenberger-tanzmaeuse.de\/index.php?rest_route=\/wp\/v2\/pages"}],"about":[{"href":"https:\/\/www.falkenberger-tanzmaeuse.de\/index.php?rest_route=\/wp\/v2\/types\/page"}],"author":[{"embeddable":true,"href":"https:\/\/www.falkenberger-tanzmaeuse.de\/index.php?rest_route=\/wp\/v2\/users\/1"}],"replies":[{"embeddable":true,"href":"https:\/\/www.falkenberger-tanzmaeuse.de\/index.php?rest_route=%2Fwp%2Fv2%2Fcomments&post=37"}],"version-history":[{"count":29,"href":"https:\/\/www.falkenberger-tanzmaeuse.de\/index.php?rest_route=\/wp\/v2\/pages\/37\/revisions"}],"predecessor-version":[{"id":18324,"href":"https:\/\/www.falkenberger-tanzmaeuse.de\/index.php?rest_route=\/wp\/v2\/pages\/37\/revisions\/18324"}],"up":[{"embeddable":true,"href":"https:\/\/www.falkenberger-tanzmaeuse.de\/index.php?rest_route=\/wp\/v2\/pages\/26"}],"wp:attachment":[{"href":"https:\/\/www.falkenberger-tanzmaeuse.de\/index.php?rest_route=%2Fwp%2Fv2%2Fmedia&parent=37"}],"curies":[{"name":"wp","href":"https:\/\/api.w.org\/{rel}","templated":true}]}}