{"id":26,"date":"2011-02-01T00:00:47","date_gmt":"2011-02-01T00:00:47","guid":{"rendered":"http:\/\/www.falkenberger-tanzmaeuse.de\/blog2011\/?page_id=26"},"modified":"2025-04-26T08:45:16","modified_gmt":"2025-04-26T08:45:16","slug":"unsere-gruppen","status":"publish","type":"page","link":"https:\/\/www.falkenberger-tanzmaeuse.de\/?page_id=26","title":{"rendered":"Gruppen"},"content":{"rendered":"<p>Unsere T\u00e4nzerinnen und T\u00e4nzer sind je nach Alter in verschiedene Gruppen eingeteilt.<br \/>Wenn Ihr mehr \u00fcber sie erfahren wollt, dann klickt auf das jeweilige Bild!<\/p>\n<p><a href=\"https:\/\/www.falkenberger-tanzmaeuse.de\/?page_id=12979\" target=\"_blank\" rel=\"noopener\"><img loading=\"lazy\" decoding=\"async\" class=\"alignnone wp-image-15446 size-medium\" src=\"https:\/\/www.falkenberger-tanzmaeuse.de\/blog2011\/wp-content\/uploads\/2023\/08\/IMG-20230704-WA0020-300x200.jpg\" alt=\"\" width=\"300\" height=\"200\" srcset=\"https:\/\/www.falkenberger-tanzmaeuse.de\/blog2011\/wp-content\/uploads\/2023\/08\/IMG-20230704-WA0020-300x200.jpg 300w, https:\/\/www.falkenberger-tanzmaeuse.de\/blog2011\/wp-content\/uploads\/2023\/08\/IMG-20230704-WA0020-1024x682.jpg 1024w, https:\/\/www.falkenberger-tanzmaeuse.de\/blog2011\/wp-content\/uploads\/2023\/08\/IMG-20230704-WA0020-768x512.jpg 768w, https:\/\/www.falkenberger-tanzmaeuse.de\/blog2011\/wp-content\/uploads\/2023\/08\/IMG-20230704-WA0020-1536x1023.jpg 1536w, https:\/\/www.falkenberger-tanzmaeuse.de\/blog2011\/wp-content\/uploads\/2023\/08\/IMG-20230704-WA0020.jpg 1600w\" sizes=\"auto, (max-width: 300px) 100vw, 300px\" \/><\/a><\/p>\n<p>Team in Altes Lager<\/p>\n<p><a href=\"https:\/\/www.falkenberger-tanzmaeuse.de\/?page_id=43\"><img loading=\"lazy\" decoding=\"async\" class=\"alignnone wp-image-17188 size-medium\" src=\"https:\/\/www.falkenberger-tanzmaeuse.de\/blog2011\/wp-content\/uploads\/2025\/04\/Knirpse-249x300.jpg\" alt=\"\" width=\"249\" height=\"300\" srcset=\"https:\/\/www.falkenberger-tanzmaeuse.de\/blog2011\/wp-content\/uploads\/2025\/04\/Knirpse-249x300.jpg 249w, https:\/\/www.falkenberger-tanzmaeuse.de\/blog2011\/wp-content\/uploads\/2025\/04\/Knirpse-849x1024.jpg 849w, https:\/\/www.falkenberger-tanzmaeuse.de\/blog2011\/wp-content\/uploads\/2025\/04\/Knirpse-768x926.jpg 768w, https:\/\/www.falkenberger-tanzmaeuse.de\/blog2011\/wp-content\/uploads\/2025\/04\/Knirpse-1273x1536.jpg 1273w, https:\/\/www.falkenberger-tanzmaeuse.de\/blog2011\/wp-content\/uploads\/2025\/04\/Knirpse-1698x2048.jpg 1698w, https:\/\/www.falkenberger-tanzmaeuse.de\/blog2011\/wp-content\/uploads\/2025\/04\/Knirpse.jpg 1885w\" sizes=\"auto, (max-width: 249px) 100vw, 249px\" \/><\/a><\/p>\n<p>Knirpse (Vorschulalter) 16 Uhr Gruppe und 17 Uhr Gruppe<\/p>\n<p><a href=\"https:\/\/www.falkenberger-tanzmaeuse.de\/?page_id=15490\"><img loading=\"lazy\" decoding=\"async\" class=\"alignnone wp-image-17022 size-medium\" src=\"https:\/\/www.falkenberger-tanzmaeuse.de\/blog2011\/wp-content\/uploads\/2025\/04\/IMG_7670-300x231.jpeg\" alt=\"\" width=\"300\" height=\"231\" srcset=\"https:\/\/www.falkenberger-tanzmaeuse.de\/blog2011\/wp-content\/uploads\/2025\/04\/IMG_7670-300x231.jpeg 300w, https:\/\/www.falkenberger-tanzmaeuse.de\/blog2011\/wp-content\/uploads\/2025\/04\/IMG_7670-1024x788.jpeg 1024w, https:\/\/www.falkenberger-tanzmaeuse.de\/blog2011\/wp-content\/uploads\/2025\/04\/IMG_7670-768x591.jpeg 768w, https:\/\/www.falkenberger-tanzmaeuse.de\/blog2011\/wp-content\/uploads\/2025\/04\/IMG_7670-1536x1182.jpeg 1536w, https:\/\/www.falkenberger-tanzmaeuse.de\/blog2011\/wp-content\/uploads\/2025\/04\/IMG_7670-2048x1576.jpeg 2048w\" sizes=\"auto, (max-width: 300px) 100vw, 300px\" \/><\/a><\/p>\n<p>Minim\u00e4use (1. bis 2. Klasse)<\/p>\n<p><a href=\"https:\/\/www.falkenberger-tanzmaeuse.de\/?page_id=37\"><img loading=\"lazy\" decoding=\"async\" class=\"alignnone wp-image-17015 size-medium\" src=\"https:\/\/www.falkenberger-tanzmaeuse.de\/blog2011\/wp-content\/uploads\/2025\/04\/IMG-20250304-WA0024-262x300.jpg\" alt=\"\" width=\"262\" height=\"300\" srcset=\"https:\/\/www.falkenberger-tanzmaeuse.de\/blog2011\/wp-content\/uploads\/2025\/04\/IMG-20250304-WA0024-262x300.jpg 262w, https:\/\/www.falkenberger-tanzmaeuse.de\/blog2011\/wp-content\/uploads\/2025\/04\/IMG-20250304-WA0024-894x1024.jpg 894w, https:\/\/www.falkenberger-tanzmaeuse.de\/blog2011\/wp-content\/uploads\/2025\/04\/IMG-20250304-WA0024-768x880.jpg 768w, https:\/\/www.falkenberger-tanzmaeuse.de\/blog2011\/wp-content\/uploads\/2025\/04\/IMG-20250304-WA0024-1341x1536.jpg 1341w, https:\/\/www.falkenberger-tanzmaeuse.de\/blog2011\/wp-content\/uploads\/2025\/04\/IMG-20250304-WA0024.jpg 1788w\" sizes=\"auto, (max-width: 262px) 100vw, 262px\" \/><\/a><\/p>\n<p>M\u00e4usekids (3. bis 4. Klasse)<\/p>\n<p><a href=\"https:\/\/www.falkenberger-tanzmaeuse.de\/?page_id=35\"><img loading=\"lazy\" decoding=\"async\" class=\"alignnone wp-image-17020 size-medium\" src=\"https:\/\/www.falkenberger-tanzmaeuse.de\/blog2011\/wp-content\/uploads\/2025\/04\/IMG_7906-225x300.jpeg\" alt=\"\" width=\"225\" height=\"300\" srcset=\"https:\/\/www.falkenberger-tanzmaeuse.de\/blog2011\/wp-content\/uploads\/2025\/04\/IMG_7906-225x300.jpeg 225w, https:\/\/www.falkenberger-tanzmaeuse.de\/blog2011\/wp-content\/uploads\/2025\/04\/IMG_7906-768x1024.jpeg 768w, https:\/\/www.falkenberger-tanzmaeuse.de\/blog2011\/wp-content\/uploads\/2025\/04\/IMG_7906-1152x1536.jpeg 1152w, https:\/\/www.falkenberger-tanzmaeuse.de\/blog2011\/wp-content\/uploads\/2025\/04\/IMG_7906-1536x2048.jpeg 1536w, https:\/\/www.falkenberger-tanzmaeuse.de\/blog2011\/wp-content\/uploads\/2025\/04\/IMG_7906-scaled.jpeg 1920w\" sizes=\"auto, (max-width: 225px) 100vw, 225px\" \/><\/a><\/p>\n<p>Teenies (5. bis 8. Klasse)<\/p>\n<p><a href=\"https:\/\/www.falkenberger-tanzmaeuse.de\/?page_id=32\" target=\"_blank\" rel=\"noopener\"><img loading=\"lazy\" decoding=\"async\" class=\"alignnone wp-image-15435 size-medium\" src=\"https:\/\/www.falkenberger-tanzmaeuse.de\/blog2011\/wp-content\/uploads\/2023\/08\/IMG-20230506-WA0003-300x225.jpg\" alt=\"\" width=\"300\" height=\"225\" srcset=\"https:\/\/www.falkenberger-tanzmaeuse.de\/blog2011\/wp-content\/uploads\/2023\/08\/IMG-20230506-WA0003-300x225.jpg 300w, https:\/\/www.falkenberger-tanzmaeuse.de\/blog2011\/wp-content\/uploads\/2023\/08\/IMG-20230506-WA0003-1024x768.jpg 1024w, https:\/\/www.falkenberger-tanzmaeuse.de\/blog2011\/wp-content\/uploads\/2023\/08\/IMG-20230506-WA0003-768x576.jpg 768w, https:\/\/www.falkenberger-tanzmaeuse.de\/blog2011\/wp-content\/uploads\/2023\/08\/IMG-20230506-WA0003-1536x1152.jpg 1536w, https:\/\/www.falkenberger-tanzmaeuse.de\/blog2011\/wp-content\/uploads\/2023\/08\/IMG-20230506-WA0003.jpg 2048w\" sizes=\"auto, (max-width: 300px) 100vw, 300px\" \/><\/a><\/p>\n<p>Sweeties (ab 9. Klasse)<\/p>\n<p><a href=\"https:\/\/www.falkenberger-tanzmaeuse.de\/?page_id=356\" target=\"_blank\" rel=\"noopener\"><img loading=\"lazy\" decoding=\"async\" class=\"alignnone wp-image-15404 size-medium\" style=\"border: 0px none; margin: 0px;\" src=\"https:\/\/www.falkenberger-tanzmaeuse.de\/blog2011\/wp-content\/uploads\/2023\/08\/IMG-20230703-WA0031-225x300.jpg\" alt=\"\" width=\"225\" height=\"300\" srcset=\"https:\/\/www.falkenberger-tanzmaeuse.de\/blog2011\/wp-content\/uploads\/2023\/08\/IMG-20230703-WA0031-225x300.jpg 225w, https:\/\/www.falkenberger-tanzmaeuse.de\/blog2011\/wp-content\/uploads\/2023\/08\/IMG-20230703-WA0031-768x1024.jpg 768w, https:\/\/www.falkenberger-tanzmaeuse.de\/blog2011\/wp-content\/uploads\/2023\/08\/IMG-20230703-WA0031-1152x1536.jpg 1152w, https:\/\/www.falkenberger-tanzmaeuse.de\/blog2011\/wp-content\/uploads\/2023\/08\/IMG-20230703-WA0031.jpg 1512w\" sizes=\"auto, (max-width: 225px) 100vw, 225px\" \/><\/a><\/p>\n\n\n<p>Oldies (die etwas \u00e4ltere Generation)<\/p>\n","protected":false},"excerpt":{"rendered":"<p>Unsere T\u00e4nzerinnen und T\u00e4nzer sind je nach Alter in verschiedene Gruppen eingeteilt.Wenn Ihr mehr \u00fcber sie erfahren wollt, dann klickt auf das jeweilige Bild! Team in Altes Lager Knirpse (Vorschulalter) 16 Uhr Gruppe und 17 Uhr Gruppe Minim\u00e4use (1. bis 2. Klasse) M\u00e4usekids (3. bis 4. Klasse) Teenies (5. bis 8. Klasse) Sweeties (ab 9. [&hellip;]<\/p>\n","protected":false},"author":1,"featured_media":0,"parent":0,"menu_order":4,"comment_status":"closed","ping_status":"closed","template":"","meta":{"ngg_post_thumbnail":0,"footnotes":""},"class_list":["post-26","page","type-page","status-publish","hentry"],"_links":{"self":[{"href":"https:\/\/www.falkenberger-tanzmaeuse.de\/index.php?rest_route=\/wp\/v2\/pages\/26","targetHints":{"allow":["GET"]}}],"collection":[{"href":"https:\/\/www.falkenberger-tanzmaeuse.de\/index.php?rest_route=\/wp\/v2\/pages"}],"about":[{"href":"https:\/\/www.falkenberger-tanzmaeuse.de\/index.php?rest_route=\/wp\/v2\/types\/page"}],"author":[{"embeddable":true,"href":"https:\/\/www.falkenberger-tanzmaeuse.de\/index.php?rest_route=\/wp\/v2\/users\/1"}],"replies":[{"embeddable":true,"href":"https:\/\/www.falkenberger-tanzmaeuse.de\/index.php?rest_route=%2Fwp%2Fv2%2Fcomments&post=26"}],"version-history":[{"count":151,"href":"https:\/\/www.falkenberger-tanzmaeuse.de\/index.php?rest_route=\/wp\/v2\/pages\/26\/revisions"}],"predecessor-version":[{"id":17193,"href":"https:\/\/www.falkenberger-tanzmaeuse.de\/index.php?rest_route=\/wp\/v2\/pages\/26\/revisions\/17193"}],"wp:attachment":[{"href":"https:\/\/www.falkenberger-tanzmaeuse.de\/index.php?rest_route=%2Fwp%2Fv2%2Fmedia&parent=26"}],"curies":[{"name":"wp","href":"https:\/\/api.w.org\/{rel}","templated":true}]}}