{"id":12979,"date":"2020-02-16T10:10:04","date_gmt":"2020-02-16T10:10:04","guid":{"rendered":"http:\/\/www.falkenberger-tanzmaeuse.de\/?page_id=12979"},"modified":"2024-05-22T07:42:22","modified_gmt":"2024-05-22T07:42:22","slug":"altes-lager-kleine-gruppe","status":"publish","type":"page","link":"https:\/\/www.falkenberger-tanzmaeuse.de\/?page_id=12979","title":{"rendered":"Altes Lager"},"content":{"rendered":"\n<p>Die Falkenberger Tanzm\u00e4use haben auch in Altes Lager (bei J\u00fcterbog) zwei Tanzgruppen. Das Training findet immer Montags von 16:00 bis 17:00 f\u00fcr die J\u00fcngsten und 17:00 -18:30 Uhr f\u00fcr die \u00c4lteren statt. Wir trainieren im Kulturzentrum &#8222;Das HAUS&#8220;. Das Trainerteam besteht aus Swetlana Hofmann, Sarina Weigandt, Lilly Falke und Sandra Werner.<\/p>\n\n\n\n<figure class=\"wp-block-image size-large\"><img loading=\"lazy\" decoding=\"async\" width=\"1024\" height=\"682\" src=\"https:\/\/www.falkenberger-tanzmaeuse.de\/blog2011\/wp-content\/uploads\/2023\/08\/IMG-20230704-WA0020-1024x682.jpg\" alt=\"\" class=\"wp-image-15446\" srcset=\"https:\/\/www.falkenberger-tanzmaeuse.de\/blog2011\/wp-content\/uploads\/2023\/08\/IMG-20230704-WA0020-1024x682.jpg 1024w, https:\/\/www.falkenberger-tanzmaeuse.de\/blog2011\/wp-content\/uploads\/2023\/08\/IMG-20230704-WA0020-300x200.jpg 300w, https:\/\/www.falkenberger-tanzmaeuse.de\/blog2011\/wp-content\/uploads\/2023\/08\/IMG-20230704-WA0020-768x512.jpg 768w, https:\/\/www.falkenberger-tanzmaeuse.de\/blog2011\/wp-content\/uploads\/2023\/08\/IMG-20230704-WA0020-1536x1023.jpg 1536w, https:\/\/www.falkenberger-tanzmaeuse.de\/blog2011\/wp-content\/uploads\/2023\/08\/IMG-20230704-WA0020.jpg 1600w\" sizes=\"auto, (max-width: 1024px) 100vw, 1024px\" \/><\/figure>\n","protected":false},"excerpt":{"rendered":"<p>Die Falkenberger Tanzm\u00e4use haben auch in Altes Lager (bei J\u00fcterbog) zwei Tanzgruppen. Das Training findet immer Montags von 16:00 bis 17:00 f\u00fcr die J\u00fcngsten und 17:00 -18:30 Uhr f\u00fcr die \u00c4lteren statt. Wir trainieren im Kulturzentrum &#8222;Das HAUS&#8220;. Das Trainerteam besteht aus Swetlana Hofmann, Sarina Weigandt, Lilly Falke und Sandra Werner.<\/p>\n","protected":false},"author":1,"featured_media":0,"parent":26,"menu_order":0,"comment_status":"closed","ping_status":"closed","template":"","meta":{"ngg_post_thumbnail":0,"footnotes":""},"class_list":["post-12979","page","type-page","status-publish","hentry"],"_links":{"self":[{"href":"https:\/\/www.falkenberger-tanzmaeuse.de\/index.php?rest_route=\/wp\/v2\/pages\/12979","targetHints":{"allow":["GET"]}}],"collection":[{"href":"https:\/\/www.falkenberger-tanzmaeuse.de\/index.php?rest_route=\/wp\/v2\/pages"}],"about":[{"href":"https:\/\/www.falkenberger-tanzmaeuse.de\/index.php?rest_route=\/wp\/v2\/types\/page"}],"author":[{"embeddable":true,"href":"https:\/\/www.falkenberger-tanzmaeuse.de\/index.php?rest_route=\/wp\/v2\/users\/1"}],"replies":[{"embeddable":true,"href":"https:\/\/www.falkenberger-tanzmaeuse.de\/index.php?rest_route=%2Fwp%2Fv2%2Fcomments&post=12979"}],"version-history":[{"count":8,"href":"https:\/\/www.falkenberger-tanzmaeuse.de\/index.php?rest_route=\/wp\/v2\/pages\/12979\/revisions"}],"predecessor-version":[{"id":16188,"href":"https:\/\/www.falkenberger-tanzmaeuse.de\/index.php?rest_route=\/wp\/v2\/pages\/12979\/revisions\/16188"}],"up":[{"embeddable":true,"href":"https:\/\/www.falkenberger-tanzmaeuse.de\/index.php?rest_route=\/wp\/v2\/pages\/26"}],"wp:attachment":[{"href":"https:\/\/www.falkenberger-tanzmaeuse.de\/index.php?rest_route=%2Fwp%2Fv2%2Fmedia&parent=12979"}],"curies":[{"name":"wp","href":"https:\/\/api.w.org\/{rel}","templated":true}]}}